mon divisor of p and 42.
14
Suppose 497 = 5*m + a + 15, 3*m = -5*a + 298. What is the highest common divisor of 16 and m?
16
Let b(f) = -37*f - 32. Let a be b(-25). Calculate the greatest common factor of a and 47.
47
Let k be (-222)/15 - 2/10. Let j = 25 + k. Let s = 19 - j. Calculate the greatest common divisor of s and 3.
3
Let p be (-1862)/(-31) - 172/2666. What is the greatest common factor of 600 and p?
60
Let j(q) = q**2 - 6*q + 40. Let h be j(8). Suppose -111*u = -107*u - h. Calculate the greatest common factor of 266 and u.
14
Let j = -85 + 112. Calculate the highest common factor of j and 72.
9
Let o be -2*1/(-6)*3. Let x(p) = -7*p + 6 - 24*p + 4*p + o. Let j be x(-7). What is the highest common divisor of 28 and j?
28
Let r = -5 - -2. Let t be (-574)/(-4) + r/(-6). Let g be ((-4)/(-6))/(33/792). Calculate the greatest common divisor of g and t.
16
Let z(b) = b**2 + 17*b + 62. Let u be z(14). Calculate the greatest common factor of 31 and u.
31
Suppose 22 - 2 = -5*a. Let c be (a/(-4 + 8))/(1/(-140)). Suppose 61 - 5 = r. Calculate the highest common factor of r and c.
28
Suppose -53*d + 312 = -27*d. Calculate the greatest common factor of d and 852.
12
Suppose 0 = -w - 4*w - 35. Let h be 56/16*(-36)/w. Calculate the highest common factor of h and 162.
18
Suppose 50*z + 54*z - 13904 = 25*z. Suppose 0 = -2*l + 5*l - 66. What is the highest common divisor of l and z?
22
Suppose 4*g = -0*g - 3*n + 495, 3*g - n - 355 = 0. Calculate the greatest common factor of g and 96.
24
Suppose 5 = 5*j, -3*l - 3*j + 23 = -7. Suppose 7*f - l*f = -240. What is the highest common divisor of f and 48?
24
Suppose 2*r = -4*n - 22, -2*n - 3*n - 4*r = 26. Let u be (-1 + n)/14 + (-661)/(-2). What is the highest common divisor of u and 132?
66
Let l(z) = 5*z - 9. Let j = -14 + 23. Let q be l(j). Suppose -4*v - b + q = -193, 2*v = b + 113. Calculate the highest common divisor of v and 38.
19
Let y = -53 - -35. Let k be (8/(-12))/(1/y). Let l be 8/(-28) + (-86)/(-7). What is the greatest common divisor of l and k?
12
Let i = 833 + -808. Suppose 4*x + n - 98 = 0, 2*x - n + 2*n - 48 = 0. What is the highest common divisor of i and x?
25
Suppose -2*k + 6 = -k. Let j = k + -43. Let x = -26 - j. Calculate the highest common divisor of 99 and x.
11
Suppose -28 = -n + 148. Calculate the highest common factor of n and 11.
11
Let r = 48 - 85. Let c = -21 - r. What is the greatest common divisor of c and 64?
16
Suppose 1 + 3 = 2*r. Suppose -5*b - 11 = -2*i, 2*i - 4*i = 2*b - 32. Suppose i - 5 = 8*f. Calculate the highest common factor of r and f.
1
Suppose 5*g - 4*s = 10450, -3*g + 4*s + 10233 = 3955. What is the highest common divisor of g and 14?
14
Let s = -3654 - -3766. Let t(r) = 3*r**3 - 2*r**2 - 2. Let d be t(2). What is the highest common divisor of s and d?
14
Let y be 4/6 - 4/(-3). Suppose -y*d + 349 + 343 = 0. Suppose 2*a = 7*a + j - d, a = -j + 70. What is the greatest common divisor of a and 46?
23
Let i(u) = 2*u - 3. Let h be i(4). Suppose v - 51 - 3 = -4*n, 0 = 3*v + h*n - 162. What is the highest common divisor of v and 135?
27
Let c = -1 + 2. Let w = c + 0. Let t be 81/12 - (-5)/20. Calculate the highest common factor of t and w.
1
Let y(i) = -8*i - 4. Let j be y(-5). Suppose 0 = -5*x + 3*v + 51, 7*x - v = 2*x + 57. Suppose 4*l - x = 24. Calculate the highest common factor of l and j.
9
Let f(r) = r**3 + 13*r**2 + 16*r - 54. Let y be f(-11). Suppose -15 = -5*v - 0. Calculate the highest common factor of y and v.
3
Suppose -8*t = -3*t - 3*m + 12, -4*t = 4*m - 16. Let x be -2 + 6 + t - -22 - 2. Calculate the greatest common divisor of 60 and x.
12
Let i be (-3)/7 + (-4)/140*-24515. Calculate the highest common factor of 35 and i.
35
Let l(c) be the first derivative of -c**3/3 + c**2/2 + 83*c - 5. Let y be l(0). Suppose 4*h - y = 109. Calculate the greatest common divisor of 6 and h.
6
Let s = -126 + 171. What is the greatest common factor of 9 and s?
9
Let j(h) = h**2 + h + 2. Let i(w) = -w**3 + 8*w**2 - w + 4. Let y be i(8). Let t be j(y). Let f = t - 12. Calculate the greatest common divisor of 4 and f.
2
Let r = 291 + -116. Calculate the highest common factor of r and 35.
35
Let y be 4/(-8)*-1*14. Let s(c) = -c**3 + 6*c**2 + 7*c + 6. Let d be s(y). What is the greatest common divisor of 66 and d?
6
Let b = 1231 + -1190. What is the highest common divisor of 4223 and b?
41
Suppose 4*l - 2*a - 13812 = 2*a, -4*a = 3*l - 10380. Calculate the greatest common divisor of 108 and l.
108
Let b = -2042 + 2072. Let w be 40/(((-6)/3)/(-2)). Calculate the greatest common factor of w and b.
10
Suppose 3*b = 51 - 3. Let t(m) = 9*m - 2. Suppose -16 = -2*u - 4*k, 12 = 3*u - 0*k + 2*k. Let n be t(u). What is the highest common factor of b and n?
16
Suppose -5*r + 4*h + 162 = 0, 4*r + 19*h = 15*h + 108. Let y = 20 + -8. What is the greatest common factor of r and y?
6
Let u = -63 - -100. Let w = u - 31. Let d be 2/3 + (-52)/(-3). What is the greatest common divisor of d and w?
6
Let l = -21 + 20. Let s(i) = 42*i**2 - 3*i - 3. Let p be s(l). Calculate the highest common factor of p and 6.
6
Suppose -5*a + 193 = -2372. Calculate the greatest common divisor of 54 and a.
27
Let g be (-9)/(2/((-48)/9)). Let i(q) = -q**2 + 7*q. Let c be (9/(-5))/(6/(-20)). Let v be i(c). What is the highest common factor of v and g?
6
Let w = 30 - 33. Let g(m) = m**3 + 6*m**2 + 2*m. Let s be g(w). Calculate the highest common divisor of s and 7.
7
Suppose -5*t + 550 = 3*i, i + t - 174 = 8. Calculate the highest common factor of 63 and i.
9
Let l(q) = -q**3 + 8*q**2 + 21*q - 6. Let r be l(10). Calculate the highest common divisor of r and 44.
4
Suppose -3*y + t + 4*t + 486 = 0, -3*y + 486 = -t. Suppose -2*j + 48 = 3*k, -6*k - 60 = -9*k + 2*j. What is the highest common divisor of y and k?
18
Let u = -12 + 28. Suppose d - a - 10 = -2*d, 5*a + u = -2*d. What is the greatest common divisor of 5 and d?
1
Let p be 3/(6*5/3860). Suppose -5*a + o - p = -6*a, -2*a = 5*o - 775. What is the highest common factor of 35 and a?
35
Suppose 0 = -0*o + o + 3*n - 123, -5*n = o - 117. Calculate the greatest common factor of o and 24.
12
Suppose -y + 655 + 1225 = 2*l, -l = 4. Calculate the greatest common factor of y and 59.
59
Let o be 11 + -6 - (59 - -2). Let y = -36 - o. What is the highest common factor of y and 5?
5
Let d(h) = 5*h - 3. Let q be d(5). Suppose -2*z + 18 + q = 0. Let j(k) = k**2 - 4*k - 7. Let s be j(-2). What is the greatest common factor of z and s?
5
Let w be (-1)/((12/(-42) - 0)/2). What is the greatest common factor of 2002 and w?
7
Let y be (-53)/(3/27*4/(-4)). What is the highest common factor of y and 9?
9
Let q = 25 - 23. Suppose 0 = -5*z - 3*n + q*n + 86, -20 = -2*z - 4*n. What is the greatest common factor of 2 and z?
2
Suppose -25 = -5*o, -2*o = 5*x - 5526 + 1146. What is the highest common factor of x and 38?
38
Let f = 17 - 7. Let a(t) = t**2 - 11*t + 15. Let w be a(f). Suppose -76 = -w*d + 49. Calculate the highest common factor of 175 and d.
25
Suppose f = 93 + 45. What is the greatest common factor of 6 and f?
6
Let b(k) = k**3 - 15*k**2 + 1 + 4 - 11 + 2*k. Let m be b(15). Let w = 5 + -2. What is the greatest common divisor of w and m?
3
Let p be (190 - -1 - (4 + -7)) + 1. What is the highest common factor of 39 and p?
39
Suppose d + 0*d = 3*x + 147, -4*x = -8. What is the highest common divisor of 34 and d?
17
Suppose 0 = 4*k + a - 4270, 12*k - 4*a + 3209 = 15*k. Calculate the highest common factor of 11 and k.
11
Suppose k - 10 - 28 = 0. Suppose 2*s - 4*s + k = 2*j, 0 = 5*j - 4*s - 50. Suppose -3*c - 35 = -8*c. Calculate the highest common factor of j and c.
7
Suppose -3*n - 55 = 5*b, -4*b + 5*n - 36 - 8 = 0. Let g(y) = 2*y**2 + 21*y - 1. Let r be g(b). Calculate the greatest common factor of r and 15.
5
Suppose -3*q + 97 = -368. Calculate the greatest common factor of q and 93.
31
Suppose -50 = -5*d + 95. Let p be d/29 + 1*17. Suppose s - 29 = -4*k, -2*s - s + 39 = 4*k. Calculate the highest common factor of p and k.
6
Suppose 3*o - 4*x + 31 = 4*o, 2*x - 8 = 0. Suppose -2*d = 4*f - 548, 0 = -3*f - 0*f + o. What is the highest common factor of 33 and d?
33
Suppose -5*i + 2027 = -738. Calculate the greatest common factor of i and 7.
7
Suppose 701 = 3*c + 371. Calculate the gr